 = -3*o + 9*k + 3784. What is the greatest common divisor of 28 and o?
28
Let i(j) = -2*j**3 - 83*j**2 - 307*j + 134. Let l be i(-46). Calculate the greatest common factor of 37 and l.
37
Let g(n) = 206*n - 1647. Let l be g(9). Let u be (-23)/2*(1 - 3). What is the highest common divisor of l and u?
23
Let h = -191 + 273. Suppose 0 = -8*n - h + 7738. Let p be 3/(-7) - n/(-77). Calculate the highest common divisor of p and 8.
4
Let p = -25325 - -25425. Calculate the highest common factor of p and 725.
25
Let m be ((-12)/10)/((-9)/(-60)). Let x be (-450)/m - 24/(-32). Calculate the greatest common factor of 912 and x.
57
Let y(n) = 26*n + 92. Let a be y(0). Suppose -2*t = a - 386. What is the greatest common factor of t and 210?
21
Suppose 0 = 776*s - 799*s + 113643. Calculate the highest common factor of s and 671.
61
Let g = -16802 + 16894. Calculate the highest common divisor of 2967 and g.
23
Suppose -23*s + 1335 = 244*s. Let q be (1/(-2))/((-2)/1620). Calculate the greatest common divisor of s and q.
5
Let h be 678/(-18) - -38 - (-28241)/3. Calculate the highest common divisor of 126 and h.
18
Let k(q) = 10*q**2 - 14*q - 28. Suppose n - 5 = 4*u, 14*u - 11*u + 5*n + 21 = 0. Let y be k(u). What is the highest common factor of 340 and y?
20
Let l = -1 + 6. Let o(y) = y**3 + 9*y**2 + 40*y + 296. Let i be o(-8). Calculate the greatest common factor of i and l.
5
Let p(l) = 60*l - 324. Let r be p(8). Calculate the highest common divisor of r and 1664.
52
Suppose -7*r + 8008 = -13295 + 5511. Calculate the greatest common divisor of 56 and r.
8
Suppose -2*f + 23*o = 21*o - 58, 5*f - 185 = -3*o. What is the greatest common divisor of f and 9962?
34
Suppose 59*o - 61*o + 432 = 0. Let z be (144/(-5))/3 + 9/15. Let l = 15 - z. What is the highest common divisor of o and l?
24
Let n(z) = 12*z**2 - 14*z + 22. Let i be n(6). Let u = i - 357. What is the highest common factor of u and 13?
13
Let k(b) = -b**3 + 34*b**2 + 37*b - 63. Let s be k(35). Let n be 38*s/((-28)/(-50)). Calculate the greatest common divisor of 19 and n.
19
Let y = -87 - -127. Let a be 3*-1 - -1171*(-1 + 4). Let i be a/35 - (18/14 - 1). What is the highest common divisor of i and y?
20
Let v(l) = -32*l**3 - 2*l**2 - 9*l - 6. Let o be v(-1). What is the greatest common factor of o and 165?
33
Suppose 5*j + 3*z = -2*z - 5, -4*z = -3*j - 24. Let b be j/10 - (-412)/5. Let m = 120 - b. What is the greatest common factor of 95 and m?
19
Suppose -33*s = -36*s - 561. Let u = s + 268. Suppose -3*z - 3*x + u = -0*z, 5*x - 79 = -3*z. What is the greatest common factor of 7 and z?
7
Suppose 237 = -7*w + 11*w + 5*x, x - 5 = 0. Suppose -5*j = -g - 185, 12*g - w = -j + 9*g. Calculate the greatest common divisor of j and 361.
19
Let z be 16/((8/(-22))/(-2)). Let m = -47524 + 47540. What is the greatest common factor of m and z?
8
Let z(i) = i**2 + 14*i + 40. Let o be z(-10). Suppose 2*w - 2*k - 442 = o, 2*w = -3*w + 2*k + 1093. Calculate the highest common factor of 155 and w.
31
Let p be (-109)/(-5) + 2/10. Suppose -3*k + 30 = -8*k. Let o be (9/(-6))/(k/88). What is the highest common factor of o and p?
22
Suppose 3*r + 3*u = 24 + 30, -4*r + 58 = -3*u. Let f be (4/r)/(-1) - 34/(-8). Suppose -150 - 50 = -f*x. What is the highest common divisor of x and 10?
10
Let c be (-856)/2*13/(260/(-15)). Let t = 399 - c. Calculate the greatest common divisor of t and 52.
26
Let z be 58 + 492 - (0 + -6). Let y = 813 - 1159. Let t = z + y. Calculate the greatest common divisor of 21 and t.
21
Let v(i) = -156*i + 1089. Let o be v(3). Calculate the highest common factor of 135 and o.
27
Let n = 45 - 21. Suppose -5*a = 3*h + 112, 2*a - 27*h = -28*h - 45. Let u be a/(-4) + (12 - 4)/32. Calculate the highest common divisor of n and u.
6
Let w(x) = -93 - x + 99 - 3*x. Let n be w(-11). Calculate the greatest common factor of n and 550.
50
Suppose 0 = -19*h + 24*h - 355. Let z(v) = h*v - 9 + 8 - 34 - 26*v. Let i be z(6). What is the highest common factor of 47 and i?
47
Let o be (-2 + 14)*(2 + 7 + (-81 - -73)). Suppose -3*u + 18 = -0*u. Suppose -u = -4*t + 6. What is the greatest common factor of o and t?
3
Let h be 6/27*-3*-3. Let b(o) = -o**3 + 4*o**2 + 3*o - 14. Let k be b(3). Let l(g) = -3*g + 15. Let c be l(k). Calculate the greatest common divisor of h and c.
1
Suppose -7*y - 2 + 44 = 0. Let t be 2*15/y + 83. What is the highest common divisor of 11 and t?
11
Let s be (2574/(-77) - -34)*49/1. Calculate the highest common factor of s and 50036.
28
Suppose -290156 = 1680*w - 222314 - 793602. Let r(u) = -u**3 - 5*u**2 + 3*u - 2. Let g be r(-6). What is the highest common divisor of g and w?
16
Let w(c) = c**2 + 135*c + 4874. Let s be w(-66). What is the highest common divisor of 1472 and s?
64
Let z be -39*12/(-108)*3. Let t(b) = 114*b - 38. Let j be t(9). What is the greatest common divisor of j and z?
13
Suppose -4*g - 1748 = 4*f, -f - 4*g - 310 = 136. Let y = f + 439. Let r = 5 - -5. What is the highest common divisor of y and r?
5
Let a(f) = -f**2 + 27*f - 32. Let t be a(18). Suppose 0 = -26*p + 884 - t. Calculate the greatest common factor of 203 and p.
29
Suppose 22*h - 17*h - 21870 = -3*c, -5*h + 2*c + 21845 = 0. Calculate the highest common divisor of h and 372.
93
Let n be 12/(-8)*4/(-2). Suppose -n - 1 = -2*g. Let m(h) = -6*h + 4. Let z be m(0). What is the highest common divisor of z and g?
2
Suppose 5*h - 10 = k - 3*k, 0 = -5*k. Suppose -4*p - 11 = -27. Let u be (p - 1) + -4 + h. What is the greatest common factor of 1 and u?
1
Let s(z) = -554*z**2 - 6099*z - 23. Let g be s(-11). Suppose 0 = -0*r - 3*r + 312. What is the greatest common factor of g and r?
8
Suppose -10*c + 138 = 13*c. Let d be 4*(213/12 - c). What is the highest common divisor of d and 376?
47
Suppose 2*d + 39 - 157 = 2. Calculate the highest common factor of 264 and d.
12
Suppose -10 - 2 = -2*m. Suppose k + 20 = v, -2*v + m*k = k - 31. Suppose -92*s + 96*s - 92 = 0. Calculate the greatest common factor of s and v.
23
Let n be ((-5796)/(-690))/((-2)/(-40)). Let k = -3 + 15. What is the highest common factor of n and k?
12
Let i(y) = -6499 + 6598 - 3*y - 4*y. Let f be i(9). What is the greatest common divisor of f and 24?
12
Let v = -279 - -395. Let j = -108 + v. Suppose 0 = -j*x + 112 - 16. What is the greatest common factor of 108 and x?
12
Let k be (-4 + ((-280)/(-25))/(-2))/((-15)/850). What is the greatest common divisor of k and 1224?
136
Let k = 4653 + -4649. Calculate the highest common factor of k and 6316.
4
Let y = -4475 + 4575. What is the greatest common factor of 12 and y?
4
Suppose 5*d = w + 26, -3*d + 4*d + 2 = 2*w. Let s be 10/(-4) + d/4. Let a be s*36/(4/(-2)). Calculate the highest common factor of a and 9.
9
Let j(y) = -y**2 + 4*y + 3. Let z be j(4). Let m = -5942 + 5981. What is the highest common divisor of m and z?
3
Let p = 36569 + -35757. What is the greatest common factor of 5220 and p?
116
Suppose -43087 = -5*u - 2*s + 29448, -5*s = -5*u + 72535. What is the highest common factor of 89 and u?
89
Suppose 5*d + 90 = 475. Let z = 193 + d. What is the highest common factor of z and 54?
54
Suppose -v + 2*v = -3*v. Let x be 42 - (v + 1 + (2 - -1)). Calculate the highest common factor of 95 and x.
19
Suppose -10080 = -1014*h + 1005*h. What is the greatest common factor of h and 210?
70
Suppose -4*s + 2*u = 3*u - 24382, -3*s + 18321 = -5*u. Calculate the highest common divisor of 26 and s.
13
Let a be (-3)/(-15) - 42/(-15). Let g be (12/(-7))/(4/(-28)). Let t be 48/g - 2*-1. What is the highest common divisor of t and a?
3
Let l(i) = 19*i - 2. Let c be l(2). Let x = 576 - 122. Let f = x + -346. Calculate the greatest common factor of f and c.
36
Let v(o) = 12*o**2 - 199*o - 696. Let g be v(-3). Let u be (-1)/3 + (-3080)/(-6). Suppose 0 = -0*b + 3*b - u. Calculate the highest common factor of g and b.
9
Suppose -25 - 6 = 4*t - 5*k, 2*t = -3*k + 1. Let b be (-1 - 6/t)/((-19)/(-2128)). Let h = b + -20. Calculate the greatest common factor of h and 18.
18
Let i = 799 - 798. Let a(k) = 5*k**2 - 2*k + 1. Let m be a(i). Calculate the highest common factor of m and 92.
4
Suppose -98*n + 644264 = -626894. What is the highest common divisor of n and 218?
109
Let z = 1463 + -687. Suppose 2*s = 5*t + 524, 4*s + z = 7*s - 5*t. What